{"id":9,"date":"2016-09-08T22:51:39","date_gmt":"2016-09-08T21:51:39","guid":{"rendered":"http:\/\/vie-en-corps.fr\/?page_id=9"},"modified":"2024-09-02T21:00:04","modified_gmt":"2024-09-02T20:00:04","slug":"contact","status":"publish","type":"page","link":"https:\/\/vie-en-corps.fr\/?page_id=9","title":{"rendered":"CONTACTS &#038; INFOS PRATIQUES"},"content":{"rendered":"<p><span style=\"color: #b60c27;\">EFFECTIFS<\/span><\/p>\n<p>L&#8217;atelier d&#8217;improvisation est compos\u00e9 de 14 personnes maximum<\/p>\n<p><span style=\"color: #b60c27;\">DATES &amp; HORAIRES<br \/>\n<\/span><\/p>\n<p>L&#8217;atelier d&#8217;improvisation se tient le\u00a0mardi de 19h30 \u00e0 21h30, selon le <strong>planning ci-dessous<\/strong>.<br \/>\n<strong>Trois rencontres exceptionnelles<\/strong> sont aussi propos\u00e9es certains dimanches toute la journ\u00e9e : une \u00e0 l&#8217;automne, une en hiver et une au printemps (dates pr\u00e9cises \u00e0 venir).<\/p>\n<p><img decoding=\"async\" loading=\"lazy\" class=\"aligncenter size-full wp-image-417\" src=\"http:\/\/vie-en-corps.fr\/wp-content\/uploads\/2024\/09\/Calendrier-atelier-2024-2025.jpg\" alt=\"\" width=\"1048\" height=\"695\" srcset=\"https:\/\/vie-en-corps.fr\/wp-content\/uploads\/2024\/09\/Calendrier-atelier-2024-2025.jpg 1048w, https:\/\/vie-en-corps.fr\/wp-content\/uploads\/2024\/09\/Calendrier-atelier-2024-2025-500x332.jpg 500w, https:\/\/vie-en-corps.fr\/wp-content\/uploads\/2024\/09\/Calendrier-atelier-2024-2025-768x509.jpg 768w, https:\/\/vie-en-corps.fr\/wp-content\/uploads\/2024\/09\/Calendrier-atelier-2024-2025-1024x679.jpg 1024w, https:\/\/vie-en-corps.fr\/wp-content\/uploads\/2024\/09\/Calendrier-atelier-2024-2025-452x300.jpg 452w\" sizes=\"(max-width: 1048px) 100vw, 1048px\" \/><span style=\"color: #b60c27;\">LIEU<\/span><\/p>\n<p>Salle municipale &#8220;Pavillon des Sports&#8221; rue Alfred de Vigny \u00e0 Gradignan<br \/>\n<a href=\"https:\/\/www.google.fr\/maps\/place\/4+Rue+Alfred+de+Vigny,+33170+Gradignan\/@44.7786897,-0.6149382,17z\/data=!3m1!4b1!4m5!3m4!1s0xd54d8b187f877a5:0xb0958fc39f00b510!8m2!3d44.7786897!4d-0.6127495\" target=\"_blank\" rel=\"noopener noreferrer\">VOIR LE PLAN<\/a><\/p>\n<p>&nbsp;<\/p>\n<p><span style=\"color: #b60c27;\">RENSEIGNEMENTS ET INSCRIPTIONS<\/span><br \/>\n<a href=\"mailto:info@vie-en-corps.fr\">info@vie-en-corps.fr<\/a><\/p>\n","protected":false},"excerpt":{"rendered":"<p>EFFECTIFS L&#8217;atelier d&#8217;improvisation est compos\u00e9 de 14 personnes maximum DATES &amp; HORAIRES L&#8217;atelier d&#8217;improvisation se tient le\u00a0mardi de 19h30 \u00e0 21h30, selon le planning ci-dessous. Trois rencontres exceptionnelles sont aussi propos\u00e9es certains dimanches toute la journ\u00e9e : une \u00e0 l&#8217;automne, &hellip; <a href=\"https:\/\/vie-en-corps.fr\/?page_id=9\">Continue reading <span class=\"meta-nav\">&rarr;<\/span><\/a><\/p>\n","protected":false},"author":2,"featured_media":0,"parent":0,"menu_order":0,"comment_status":"closed","ping_status":"closed","template":"","meta":[],"_links":{"self":[{"href":"https:\/\/vie-en-corps.fr\/index.php?rest_route=\/wp\/v2\/pages\/9"}],"collection":[{"href":"https:\/\/vie-en-corps.fr\/index.php?rest_route=\/wp\/v2\/pages"}],"about":[{"href":"https:\/\/vie-en-corps.fr\/index.php?rest_route=\/wp\/v2\/types\/page"}],"author":[{"embeddable":true,"href":"https:\/\/vie-en-corps.fr\/index.php?rest_route=\/wp\/v2\/users\/2"}],"replies":[{"embeddable":true,"href":"https:\/\/vie-en-corps.fr\/index.php?rest_route=%2Fwp%2Fv2%2Fcomments&post=9"}],"version-history":[{"count":26,"href":"https:\/\/vie-en-corps.fr\/index.php?rest_route=\/wp\/v2\/pages\/9\/revisions"}],"predecessor-version":[{"id":423,"href":"https:\/\/vie-en-corps.fr\/index.php?rest_route=\/wp\/v2\/pages\/9\/revisions\/423"}],"wp:attachment":[{"href":"https:\/\/vie-en-corps.fr\/index.php?rest_route=%2Fwp%2Fv2%2Fmedia&parent=9"}],"curies":[{"name":"wp","href":"https:\/\/api.w.org\/{rel}","templated":true}]}}

<p><span style="color: #b60c27;">EFFECTIFS</span></p>
<p>L&#8217;atelier d&#8217;improvisation est composé de 14 personnes maximum</p>
<p><span style="color: #b60c27;">DATES &amp; HORAIRES<br />
</span></p>
<p>L&#8217;atelier d&#8217;improvisation se tient le mardi de 19h30 à 21h30, selon le <strong>planning ci-dessous</strong>.<br />
<strong>Trois rencontres exceptionnelles</strong> sont aussi proposées certains dimanches toute la journée : une à l&#8217;automne, une en hiver et une au printemps (dates précises à venir).</p>
<p><img decoding="async" loading="lazy" class="aligncenter size-full wp-image-417" src="http://vie-en-corps.fr/wp-content/uploads/2024/09/Calendrier-atelier-2024-2025.jpg" alt="" width="1048" height="695" srcset="https://vie-en-corps.fr/wp-content/uploads/2024/09/Calendrier-atelier-2024-2025.jpg 1048w, https://vie-en-corps.fr/wp-content/uploads/2024/09/Calendrier-atelier-2024-2025-500x332.jpg 500w, https://vie-en-corps.fr/wp-content/uploads/2024/09/Calendrier-atelier-2024-2025-768x509.jpg 768w, https://vie-en-corps.fr/wp-content/uploads/2024/09/Calendrier-atelier-2024-2025-1024x679.jpg 1024w, https://vie-en-corps.fr/wp-content/uploads/2024/09/Calendrier-atelier-2024-2025-452x300.jpg 452w" sizes="(max-width: 1048px) 100vw, 1048px" /><span style="color: #b60c27;">LIEU</span></p>
<p>Salle municipale &#8220;Pavillon des Sports&#8221; rue Alfred de Vigny à Gradignan<br />
<a href="https://www.google.fr/maps/place/4+Rue+Alfred+de+Vigny,+33170+Gradignan/@44.7786897,-0.6149382,17z/data=!3m1!4b1!4m5!3m4!1s0xd54d8b187f877a5:0xb0958fc39f00b510!8m2!3d44.7786897!4d-0.6127495" target="_blank" rel="noopener noreferrer">VOIR LE PLAN</a></p>
<p>&nbsp;</p>
<p><span style="color: #b60c27;">RENSEIGNEMENTS ET INSCRIPTIONS</span><br />
<a href="mailto:info@vie-en-corps.fr">info@vie-en-corps.fr</a></p>

<p>EFFECTIFS L&#8217;atelier d&#8217;improvisation est composé de 14 personnes maximum DATES &amp; HORAIRES L&#8217;atelier d&#8217;improvisation se tient le mardi de 19h30 à 21h30, selon le planning ci-dessous. Trois rencontres exceptionnelles sont aussi proposées certains dimanches toute la journée : une à l&#8217;automne, &hellip; <a href="https://vie-en-corps.fr/?page_id=9">Continue reading <span class="meta-nav">&rarr;</span></a></p>
